+ 158?
124
What is the value of (-24 - (2 + 1 - -6)) + -11 + 2?
-42
Calculate 20 + (43 - -6) + 16 + 15 + -31.
69
What is the value of 40 + (59 + (30 - 10) - 41)?
78
What is the value of -132 - -38 - -79 - (63 + 0)?
-78
What is 38 - (-35 + (5 - -27) - 29)?
70
Calculate (-48 + 20 - 24 - -20) + 9.
-23
-5 - (-6 + 23 + -9 + -13 + 11 + -7)
-4
(-75 - -16) + 85 - (2 - -25)
-1
-7 + (9 - (-30 - 11))
43
Evaluate (14 - 41) + (87 - 98).
-38
Evaluate -7 + 3 - (4 + -25) - (-1030 + 1025).
22
Evaluate -49 + (-34 + 124 - 50).
-9
Calculate -6 + 24 + -5 + (3 - (-6 + -30)).
52
-152 - ((0 - -88) + -160)
-80
What is the value of (-4 + -1 - -67) + -9 + 0 + 1?
54
6 - 85 - (27 - 58)
-48
What is (1 + 25 + -16 - -5) + -3 + 82?
94
What is -12 + 0 + -9 + 10 + 32?
21
Calculate (-7 - (-2 - -5 - (-36 + 38)) - 27) + -3.
-38
Evaluate 0 - -121 - 122 - (8 + 0).
-9
What is (766 - 741) + 6 + -2 + 9?
38
What is the value of -1 + (-4 + -1 - -4) + (-13 - -25) + 45?
55
Evaluate 3 + 0 + -28 + 112 + -58.
29
What is 9 + -20 + 12 + 3 + -2 - 48?
-46
What is the value of 9 - 11 - (24 + -8) - (-102 + 53)?
31
What is -208 + (18 + -22 - -121)?
-91
Calculate (-6 - (-6 + -14)) + (-17 + 4 - -5).
6
Calculate -46 - (22 + -66 - -83).
-85
Calculate 13 + (8 - -8 - 10) + 31.
50
((11 - -18) + -31 - -27) + -120
-95
Evaluate 55 + (-72 - (31 + 22)).
-70
Calculate (-1 - 7) + (6 - -5) - -12 - -13.
28
Evaluate (-18 - (4 + (1 - 2))) + 41 + (-75 - -34).
-21
Evaluate -82 + (24 - (-25 + 27)) + -23.
-83
7 + -4 - 89 - (-1754 - -1761)
-93
Evaluate 70 + -96 - (-19 + 3 + -19).
9
Evaluate 16 + 49 + (-26 - 9) - -59.
89
What is (0 - -3) + (4 + 1 + 0 - (119 + -105))?
-6
Calculate -62 - 77 - -186 - (1 + 135).
-89
What is the value of (-39 - (-2 + 0) - (-684 + 694)) + 11 - -12?
-24
What is the value of -69 + 3 - ((0 - 1 - 15 - -11) + -2)?
-59
What is the value of -17 + (27 - 77 - 10)?
-77
107 + -61 + 46 + -41
51
-46 + (-14 - -15 - (1 + (-7 - -6) + -1))
-44
45 - (87 + -71 + -17)
46
Calculate -13 - (1 + -15 - -113).
-112
Calculate 61 + (48 - 47 - 119).
-57
-99 + -16 + 13 + 13 - ((0 - 7) + -4)
-78
65 + (24 - 79) + -25
-15
Evaluate (-105 - -219) + -165 + 39.
-12
What is the value of 706 - 759 - (-7 + (2 - -1))?
-49
What is (-49 - -108) + -56 + 42?
45
Evaluate -1 + 16 + (67 - 43).
39
What is the value of 123 - (0 + 9 - (15 - (5 + 34) - -44))?
134
What is the value of 1 - -15 - 16 - -7 - 21?
-14
-90 - (-2 - (8 + 0) - (7 + -3 - 2))
-78
(16 - (16 + 11)) + 25
14
Calculate (33 - 15) + 11 - (-164 - -118).
75
What is the value of 14 - -14 - ((-3 - -25) + -24)?
30
(2 - 43) + -41 - (-3 - 16 - -1)
-64
What is the value of -57 + 19 + -35 + 17 - -3?
-53
11 - (4 + 11 + -7 + -140 - -7 - 4)
140
(1 - -49) + 4078 + -4071
57
What is (-3 - 0) + 1 - (-163 - -110 - -19)?
32
-61 + -2 + (-4 - (-23 + 3))
-47
What is (11 - (6 + -9) - 2) + -30 + 131?
113
0 + (18 - (20 - 6)) - (8 - 5 - -107)
-106
What is the value of (-3331 - -3305) + (-21 - (0 - -2))?
-49
Evaluate 5 - (172 + -2 - ((75 - 48) + -5)).
-143
What is the value of (242 - 218) + 85 + -32?
77
What is 11 + -13 + 0 + (12 - -2) + -6 + -84?
-78
Evaluate 0 + 58 + (79 + -41 - 45) + 23.
74
Calculate 61 + (8 - (-11 + 17 + (-13 - -11))).
65
Calculate 11 - (-7 + (-7 - -13) + 1 - -27).
-16
Evaluate -46 + 12 + 37 + -32.
-29
Calculate 82 + (-164 - -155) + 39 + 2.
114
Evaluate (15 - (120 + -107)) + (44 - (1 + -3)).
48
Evaluate -9 + -24 + 31 - (0 - 40).
38
-260 + 242 - (19 - -3)
-40
What is the value of 57 + -8 - (-170 - -239)?
-20
-6 - ((-52 - 0) + (-10 - -17 - 1))
40
What is the value of -8 - (-21 + -4 - -13) - (122 - 4)?
-114
Evaluate 23 + 13 + 18 + (-15 - -1).
40
What is -51 - (-120 + -73 + 113)?
29
Evaluate -2 + 0 + -2 - -10 - ((17 - 21) + 1).
9
Evaluate -3 + (-5 - -18) - (104 - 121).
27
-55 + (3 - -50) + 22
20
What is 37 + (2 + 0 - (-5 + (-31 - -32)) - 5)?
38
Evaluate -3 - ((0 - 50) + (176 - 163) + 8).
26
What is the value of -83 + (-5 - (20 - 21 - 3)) + -19?
-103
What is 72 + 42 - (8 + 0 - (4 - (-15 + 17)))?
108
What is 217 + -164 - (90 - -1)?
-38
12 - (1 - 2) - (6 + -37 - -7)
37
-5 - (-14 + 24 - 0) - (3 + -6)
-12
Calculate 25 + 39 + (75 - 135).
4
15 + -10 + (-13 - 1) + (15 - 14) + 1
-7
Calculate 106 + -97 - ((-4 - (3 - 4)) + (-1 - 33)).
46
0 + 17 + -143 + 46 + 53
-27
Calculate -4 + 2 + (9 - 19) + 13 + 37.
38
Calculate -254 + 221 - (-2 - -2 - 9).
-24
What is the value of 6 + (13 - ((20 - (1 + 8)) + -1)) + 65?
74
Evaluate (3 - (-2 - -2)) + (-24 + 1 - (-4078 - -4079)).
-21
Evaluate -21 - (-14 - (-10 + (34 - 20))).
-3
What is the value of 14 + (-90 - -97) + (-1 - 19) + -8 + -2?
-9
Calculate 15 - 3 - (-11 + -41).
64
Evaluate -28 - ((9 - (-7 - (-7 - -3))) + -1).
-39
Calculate 8 - ((-16 - (-32 + -9 + -4)) + -17).
-4
-1 - 13 - -21 - (6 - (87 - (8 - 15)))
95
Evaluate 6 + (6 + (-12 - (-13 + 7)) - -1 - -43).
50
What is 9 + (23 - 20) + -8 - (-3 + 45)?
-38
Calculate 30 + -82 + 7 + 49.
4
What is 109 - 0 - (14 + -12) - (14 - (45 + -31))?
107
Calculate -123 - (164 + (-71 - 79)).
-137
Evaluate (-3 - (-9 - -2)) + 5 + 9 + -3 + 40.
55
Evaluate -19 + (10 - (-4 - 10 - -1)).
4
(-10 - (-3 - -7) - -11 - 6) + (-60 - 9)
-78
11 + 52 + -34 - 17
12
Evaluate -16 - (-1 + -54) - (-27 + 40).
26
What is the value of (84 + -70 - 14) + (-1 - -41)?
40
What is 12 + (-67 - -86) - 106?
-75
(3 + -45 - 5) + (112 - 101 - (2 + 9))
-47
53 + -34 - 55 - -12
-24
What is the value of (-8 - (6 + -5)) + (-233 - -26) + 86?
-130
What is the value of (9 - (-4 - -23)) + -2 + -1 - 30?
-43
(-2 + 1 - -18) + (-7 + (-26 - -44) - 20)
8
Evaluate 162 + 89 + -108 + (-20 - 0).
123
Calculate 123 + -238 - -61 - ((-1 - -3) + -12).
-44
What is (-68 - -23) + 23 + 14 + 53?
45
What is (188 - (93 + 7)) + 2?
90
Evaluate 190 - 252 - (-3 - 33).
-26
What is the value of (172 - 158) + (-2 - 5) - -21?
28
Calculate -14 + (-9 - -28 - (4 + 46) - -21).
-24
What is 6 - (8 + 29) - (8 - (6 - 14))?
-47
(1 - 0) + 10 + (-337 + -338 - -546)
-118
What is 1702 + -1695 - (-60 + (2 - 1) + 3)?
63
What is the value of (-15 - -14) + (-4 - -53 - 69)?
-21
Evaluate -11 - ((-46 - (4 - -3)) + (13 - 2)).
31
Evaluate (-4 - 56) + (-2131 - -2188).
-3
What is the value of (-1 - 8) + (32 - 8 - 28) + 24?
11
(0 - (-22 + 3 + -4)) + -133 + -6
-116
What is the value of (45 - 75 - -104) + -98?
-24
Calculate (5 + 36 - 21) + 1 + 1 - 96.
-74
Evaluate -1 + -4 + -2 - (24 + -5 + 10).
-36
Evaluate 16 - ((-16 - -4) + 23).
5
What is 435 + -488 + (0 - -20)?
-33
Evaluate (-4 - (-9 + 8)) + 9 + -21 + 9.
-6
What is the value of (-2 - 24 - -46) + 63?
83
Evaluate -8 + 8 + -10 + -1 + 31 + -19 + 81.
82
What is -65 - -55 - (-4 - ((9 - 4) + -19))?
-20
What is the value of 80 - 37 - 109 - -169?
103
23 - 3 - (-9 + 5 - 21)
45
Calculate -16 + 34 + -10 - (4 - 2 - 13).
19
What is 16 - (-40 - -13) - (-9 + -2)?
54
What is the value of -1 + (7 + -5 - 9) + 9 - (-16 - -9)?
8
Calculate -76 + 139 + 74 + -42.
95
Evaluate -34 + 29 + -3 + 25 + -23 + -11 + 0.
-17
Calculate 30 - (5 - 59 - -130).
-46
Calculate 3 + 14 + (20 + -108 - -2).
-69
Evaluate -4 + 4 + -10 + -1 + 6 + (4 - 3).
-4
(0 - -6) + 24 + (-4 - (-22 - -35))
13
Evaluate -47 + 79 - 18 - -33.
47
Evaluate -8 + ((12 - 9) + -3 - (-3 + 4) - 9).
-18
2 - (0 + (-8 - -5)) - (-1 - (10 + -3))
13
What is the value of -46 - (-48 - -61 - -3)?
-62
What is (-82 - -3) + -495 + 594?
20
What is the value of -24 + 0 + 202 + (-12 - 106)?
60
What is the value of 135 + -181 - (-4 + (-19 - -4))?
-27
-330 + 352 + -102 + (7 - 5)
-78
What is the value of 66 + (2 - 9 - 2 - (-118 + 112))?
63
Evaluate -22 + 106 - (78 + (-41 - -1)).
46
What is the value of 51 + (1 + 2 - (1 - -9) - (-57 - -57))?
44
What is the value of -18 + (29 + -1 + -673 + 674 - 16)?
-5
Evaluate 11 + (3 + -1 - -3) + (12 - 10 - 6).
12
Calculate 34 + (-12 - (-2 - (17 - 15))).
26
What is the value of (98 - 87) + (-2 - 18 - 0 - 2) + -67?
-78
Calculate (-7 - (-35 + -4)) + (3 - 0).
35
Evaluate -32 + 203 + (-173 - -77).
75
65 - 2 - (-22 - (6 - (23 + 3))) - 4
61
45 + (1 - 16 - (30 - (41 + -4)))
37
Evaluate 40 - -7 - 18 - (-3 - -46).
-14
What is -10 - (-20 - -19 - (22 - -3)) - 63?
-47
What is -75 + 1 - -1 - (34884 - 34918)?
-39
Evaluate (-55 + -7 - (19 + (-7 - -3))) + 5.
-72
What is -2 + -41 + (-84 - (-84 - -8))?
-51
What is (-1 - (65 + -36)) + (-6 - -87)?
51
What is the value of (36 - 0) + -211 + (16 - -277)?
118
What is 19 + -2 + (-9 - 2) + 64?
70
Calculate 3